1773 = 3*n + 2*k. What is the tens digit of n?
9
Let l(z) = 31*z**2 + 25*z - 161. What is the hundreds digit of l(16)?
1
Let s(q) = 2*q - 15. Let y be s(10). Let o(g) be the first derivative of 7*g**3/3 + g**2/2 - 32*g + 9. What is the hundreds digit of o(y)?
1
Let w = 45862 + -20109. What is the thousands digit of w?
5
Let t be 18*6/4*(-14)/(-21). Let g(f) = 34 - 11*f**2 - t - f**3 + 4*f**3 - 2*f**3. What is the units digit of g(11)?
6
Suppose 2*r - 320 = 3*s, -2*s = -3*r - 4*s + 506. What is the units digit of (r/1)/(3 + -1)?
3
Suppose -73 = 5*i + l + 54, 3*i + 3*l + 81 = 0. Let j = i + 5. Let o = j + 79. What is the units digit of o?
9
Let f = -36 - -39. Suppose 0 = -3*m - 4*v + 38, -5*m + 5*v + 2 + f = 0. Suppose 0 = -3*w - 0*w - 2*n + 189, -m = -2*n. What is the tens digit of w?
6
Suppose -2*h = 5*g - 682, -69*h - 664 = -5*g - 68*h. What is the units digit of g?
4
Suppose -4*t + 20 = -0*t. Suppose -31 = -s + t*s - 5*f, -5*f = 3*s - 3. What is the tens digit of -3*s/(-48) - 477/(-4)?
1
Let w(a) = -a**3 + a + 12. Let c be w(0). What is the tens digit of ((-16)/c)/(8*(-2)/9852)?
2
Let v be (-24)/(-180) + (-43)/(-30)*2. Suppose 3*i + 216 = 3*u - 18, -2*u + 161 = -v*i. Suppose -2*n + 53 = -u. What is the tens digit of n?
6
Let i(r) = 68*r + 145. Let x be i(20). Suppose -9485 = -10*u - x. What is the hundreds digit of u?
7
Let n(r) = -53*r - 4. Let s be n(-1). Let o = s - -437. What is the tens digit of o?
8
Let t(d) = -d**3 - 56*d**2 - 56*d + 22. What is the hundreds digit of t(-58)?
9
Let i(x) = x**2 - 19. Let y be i(0). Let z = 10 + y. What is the units digit of 12/(-4)*(-3 + 435/z)?
4
Let l = -2675 - -3751. Suppose 905 = g + 3*k, -5*k + l = g + 169. What is the units digit of g?
2
Suppose 4*v - 2*v = 5*s + 197, 0 = 3*s - 3. Let h = 2 + v. What is the tens digit of h?
0
Let l = 8237 - -8327. What is the thousands digit of l?
6
Suppose -31897 + 9853 = -6*b. What is the units digit of b?
4
Let d = 26177 + 27123. What is the ten thousands digit of d?
5
Let g = -89 + 55. Let x = 29 - g. Suppose -11*k = -10*k - x. What is the units digit of k?
3
Suppose -5*x - 5*o + 7984 - 1064 = 0, -5*x - 3*o = -6932. What is the thousands digit of x?
1
Suppose 0 = 7*b - 11 - 367. Let m = 59 + b. Suppose -9*j + 8*j = -m. What is the tens digit of j?
1
Let j = 628 + -283. Suppose w = 6*w - j. What is the units digit of w?
9
Let z(f) = -599*f + 2706. What is the tens digit of z(-13)?
9
Let s = -441 - -435. What is the hundreds digit of 11/(99/s) - (-3390)/9?
3
Let r(i) = -12*i - 8. Suppose -4*b + 116 = 4*s, 3*s + 3 = -0. Let q be (b/(-35))/((-2)/28)*-1. What is the units digit of r(q)?
6
Let c(h) = -850*h + 216. Let i be c(-7). Suppose -i = 19*x - 20340. What is the tens digit of x?
4
Suppose 0 = -976*p + 1025*p - 1634738. What is the units digit of p?
2
Suppose -3018*v + 3021*v - 2*w = 40836, 5*v - 5*w - 68055 = 0. What is the hundreds digit of v?
6
Let w(l) = -l**2 + 10*l + 2. Let b be w(10). Let q(r) = r**2 + 7*r - 2. Let a be q(b). Suppose 4 = 5*f - a. What is the units digit of f?
4
Let i = -721 - -13622. What is the hundreds digit of i?
9
What is the units digit of 7/((-21051)/(-1908) - 11)?
2
Suppose 4*p + 29 + 39 = 2*x, 90 = 3*x - 3*p. Let w = x + -170. Let q = w + 276. What is the units digit of q?
2
What is the thousands digit of (5 - 23/4) + 472432/64?
7
Suppose 7*g - 5*g + 5*o = 34, 4*g - 2*o - 44 = 0. Suppose 0 = 3*t - 3*d - 1020, 682 = 2*t + 5*d - g. What is the units digit of t?
2
Suppose 987447 = -127*a + 2410957 + 1034194. What is the units digit of a?
2
Let d(q) = -10*q**2 + 15*q**2 - 2*q - 11 - 3*q**2 + 3. Let w be d(-2). Suppose -22 = -2*o - 4*f, 0 = 3*o - o - w*f + 10. What is the units digit of o?
3
Let h be (80/(-15))/((-4)/6). Suppose 0 = h*b - 0*b - 3640. What is the tens digit of b?
5
Suppose 3*u - 3943 = 4*c + 5285, -4*u + 12329 = 3*c. What is the units digit of u?
0
Suppose 0 = 3*h - 2*b + 110, -4*b = 5*h - 9*b + 175. Let p = -35 - h. Suppose -p*i - 280 = -1225. What is the units digit of i?
9
Suppose 26*c = 35*c + 9. What is the units digit of 465*1*(-3)/(-2 + c)?
5
Let j(n) be the third derivative of n**7/140 + n**6/720 + n**5/6 - 30*n**2. Let g(y) be the third derivative of j(y). What is the units digit of g(1)?
7
Let g(a) be the third derivative of -15/4*a**4 - 1/3*a**3 + 0 + 17*a**2 + 0*a. What is the hundreds digit of g(-2)?
1
Suppose -11*i + 31 = -13. Suppose f - z = -5*z + 4, -i*z - 4 = -f. Suppose 310 - 86 = f*w. What is the units digit of w?
6
Suppose -31*x - 24*x + 5115 = 0. Suppose 43176 = x*p - 65*p. What is the thousands digit of p?
1
Suppose 9901 = 8*d - 5319 - 49564. What is the thousands digit of d?
8
Suppose 4*b - 15366 = 5*u, -93*u - 11490 = -3*b - 95*u. What is the thousands digit of b?
3
Let k = 6245 + -9645. Let p = k + 4814. What is the tens digit of p?
1
Suppose -2*w - 347 = -3*m, -5*m + 2*m = -3. Let g = w + 254. What is the tens digit of g?
8
Let x = 593 + 293. Let l = 964 + x. What is the hundreds digit of l?
8
Let y(o) = -o**3 + 24*o**2 - 77*o - 136. What is the units digit of y(-25)?
4
Let m be (-150)/24*(2 - -2). Let a = -21 - m. Suppose a*l - 136 = -3*z, -85 = -2*z + 5*l - 2*l. What is the tens digit of z?
4
Let a = -48 + 52. Suppose -a*l + 116 + 52 = 0. What is the tens digit of (l/(-4))/(-3)*6?
2
Suppose 0 = -10*c + 5*c + 2*d + 31, -2*d = -c + 11. Suppose 3*q + 5*n + 5 = 0, c*q - 9 = -0*n - 4*n. Suppose 0 = q*b - 106 - 469. What is the units digit of b?
5
Let b(g) = -2 + 4 + 145*g**3 - 156*g**3 + 6*g**2 - g. What is the hundreds digit of b(-4)?
8
Let c = -651 + 949. Suppose h = -3*i + c, -26*h - 3*i = -22*h - 1237. What is the hundreds digit of h?
3
Let i be (10 - 8 - (173 - 2)) + -3. Let z = i + 922. Suppose -2*c = -7*h + 2*h - 511, 2*h + z = 3*c. What is the hundreds digit of c?
2
Let m = -14 + 24. Let t be ((-252)/(-35) - 6)/(3/m). Suppose 864 = 4*g - t. What is the hundreds digit of g?
2
Let f(c) = -26*c - 1. Let i be f(1). Let t = 357 + i. Suppose 10*z - 16*z + t = 0. What is the tens digit of z?
5
Suppose -1286*p + 1282*p + 175562 = -2*l, -5*p + 219450 = -3*l. What is the units digit of p?
3
Let k(f) = 433*f + 5. Let x = -282 + 283. What is the units digit of k(x)?
8
Suppose g - 18 = -5*h, -6*h + 2*h - 5*g + 27 = 0. What is the units digit of (2 - h/1) + 15504/48?
2
Let z be 9297/72 - 22/176. Suppose -390 = -7*s + 2*s. Let c = z - s. What is the tens digit of c?
5
Suppose -8406*p - 642291 = -8449*p. What is the hundreds digit of p?
9
Suppose 0 = 12*s + 12*s - 96. Suppose w = -s*u - 35 + 2367, 2*u + 5*w - 1166 = 0. What is the units digit of u?
3
Let a(j) be the third derivative of 0 + 0*j + 5/12*j**4 - 1/3*j**3 - 1/60*j**5 + 28*j**2. What is the units digit of a(6)?
2
Let j(n) = -7*n + 28. Let f be 1*3*114/18*-1. What is the tens digit of j(f)?
6
Suppose h = u + 69, -4*h + 248 = -u + 4*u. Suppose -4*b - 124 = -2*b. Let n = h + b. What is the units digit of n?
3
Let m(t) = 41*t + 1358. What is the thousands digit of m(14)?
1
Let y be (10/(-4) - -3)/(5/20). Let k(u) = -u**2 - 3*u + 4. Let s be k(-4). Suppose -2*b + s = f + y, -5*f = -b - 34. What is the units digit of f?
6
Let a be (-724)/(-6) + (8/(-3) - -3). Let y = a - -325. What is the tens digit of y?
4
Suppose -24*g - 8919211 + 2063739 = -116*g. What is the hundreds digit of g?
5
Let m = -50 - -50. Let p be m/((12/(-10))/(10/25)). Suppose p = d + 64 - 239. What is the units digit of d?
5
Let z = -40 - -15. Let w = z - -30. Suppose 0 = 4*b - 2*i - 142, -w*b = 4*i - i - 183. What is the tens digit of b?
3
Let f(g) = g**2 - 6*g - 9. Let i be f(6). Let n be 3 + 0/(i/(-3)). Suppose 2*h = s + 5*h - 27, 55 = n*s - 4*h. What is the units digit of s?
1
Suppose -4*u = -3*a + 137 + 351, u - 2*a + 127 = 0. Let d = -12 - u. What is the units digit of d?
7
Suppose 0 = 2*m - 4*b - 32, 4*m - 43 = 5*b + 6. Let o(r) = 144*r + 164. What is the units digit of o(m)?
8
Let l(t) = -3*t**3 - 45*t**2 + 19*t + 13. Let w be l(-15). What is the units digit of (-3 + 279/6)*w/(-12)?
6
Suppose 0 = -4*v + 5*n - 7, 0 = 2*v + 8*n - 11*n + 1. Let u be v/((-48)/(-18)) + 414/2. Suppose 9*a - u = 66. What is the tens digit of a?
3
What is the tens digit of ((-46722)/(-130))/(6/1390)?
6
Suppose -474*g = 523304 - 3075013 - 3461455. What is the hundreds digit of g?
6
Let o(t) be 